{"id":15448,"date":"2015-06-20T16:11:19","date_gmt":"2015-06-20T14:11:19","guid":{"rendered":"https:\/\/lashacademymarbella.com\/nosotros\/"},"modified":"2024-02-12T18:16:50","modified_gmt":"2024-02-12T17:16:50","slug":"nosotros","status":"publish","type":"page","link":"https:\/\/lashacademymarbella.com\/es\/nosotros\/","title":{"rendered":"Nosotros"},"content":{"rendered":"<div class=\"wpb-content-wrapper\"><p>[vc_row][vc_column offset=&#8221;vc_hidden-md vc_hidden-sm vc_hidden-xs&#8221;][vc_empty_space height=&#8221;30px&#8221;][\/vc_column][\/vc_row][vc_row][vc_column offset=&#8221;vc_hidden-sm vc_hidden-xs&#8221;][vc_empty_space height=&#8221;20px&#8221;][\/vc_column][\/vc_row][vc_row el_class=&#8221;vertical-ipad&#8221; css=&#8221;.vc_custom_1567064844930{margin-right: -30px !important;margin-left: -30px !important;}&#8221;][vc_column width=&#8221;1\/2&#8243; css=&#8221;.vc_custom_1567065195190{margin-bottom: 50px !important;padding-right: 30px !important;padding-left: 30px !important;}&#8221; offset=&#8221;vc_hidden-md vc_hidden-sm vc_hidden-xs&#8221;][vc_single_image image=&#8221;15420&#8243; img_size=&#8221;full&#8221; alignment=&#8221;center&#8221;][\/vc_column][vc_column width=&#8221;1\/2&#8243; css=&#8221;.vc_custom_1567065535509{margin-bottom: 50px !important;padding-right: 30px !important;padding-left: 30px !important;}&#8221; offset=&#8221;vc_hidden-md vc_hidden-sm vc_hidden-xs&#8221;][vc_row_inner][vc_column_inner offset=&#8221;vc_hidden-md vc_hidden-sm vc_hidden-xs&#8221;][vc_empty_space height=&#8221;30px&#8221;][\/vc_column_inner][\/vc_row_inner][vc_row_inner][vc_column_inner][vc_empty_space height=&#8221;70px&#8221; el_class=&#8221;heading-bg-primary&#8221;][\/vc_column_inner][\/vc_row_inner][vc_custom_heading text=&#8221;Mi nombre es&#8221; font_container=&#8221;tag:h2|font_size:60px|text_align:left|color:%23222222|line_height:90px&#8221; google_fonts=&#8221;font_family:Playfair%20Display%3Aregular%2Citalic%2C700%2C700italic%2C900%2C900italic|font_style:400%20italic%3A400%3Aitalic&#8221; el_class=&#8221;z-index&#8221;][vc_custom_heading text=&#8221;Vivien&#8221; font_container=&#8221;tag:h2|font_size:100px|text_align:left|color:%23222222|line_height:100px&#8221; google_fonts=&#8221;font_family:Playfair%20Display%3Aregular%2Citalic%2C700%2C700italic%2C900%2C900italic|font_style:700%20bold%20regular%3A700%3Anormal&#8221; css=&#8221;.vc_custom_1626730155917{margin-top: -40px !important;margin-bottom: 30px !important;}&#8221;][vc_custom_heading text=&#8221;Directora&#8221; font_container=&#8221;tag:h4|text_align:left|color:%23222222&#8243; google_fonts=&#8221;font_family:Playfair%20Display%3Aregular%2Citalic%2C700%2C700italic%2C900%2C900italic|font_style:700%20bold%20regular%3A700%3Anormal&#8221; css=&#8221;.vc_custom_1707758109502{margin-top: -20px !important;margin-bottom: 30px !important;}&#8221;][vc_column_text]Soy maestra de pesta\u00f1as, t\u00e9cnica de u\u00f1as y de belleza con muchos a\u00f1os de experiencia, \u00a1trabajar en esta industria es mi pasi\u00f3n! Me convert\u00ed en esteticista autorizada en 2010 y desde entonces me he esforzado por ser la mejor en lo que hago. \u00a1Quiero ayudar a todas mis clientas a sentirse m\u00e1s bellas! Primero me centr\u00e9 en el cuidado de la piel, pero pronto aprend\u00ed sobre el nuevo y apasionante mundo de las extensiones de pesta\u00f1as. En Lash Academy entendemos que cuando te ves bien, te sientes bien. Apreciamos que cada persona es \u00fanica y valorada, y nuestros servicios se adaptan a tus necesidades, ya sea a trav\u00e9s de extensiones de pesta\u00f1as, u\u00f1as, cuidado de la piel, corporales y formaciones de pesta\u00f1as.[\/vc_column_text][\/vc_column][\/vc_row][vc_row el_class=&#8221;vertical-ipad&#8221; css=&#8221;.vc_custom_1567064844930{margin-right: -30px !important;margin-left: -30px !important;}&#8221;][vc_column width=&#8221;1\/2&#8243; css=&#8221;.vc_custom_1567065179414{margin-bottom: 50px !important;padding-right: 30px !important;padding-left: 30px !important;}&#8221; offset=&#8221;vc_hidden-lg&#8221;][vc_single_image image=&#8221;15420&#8243; img_size=&#8221;full&#8221; alignment=&#8221;center&#8221;][\/vc_column][vc_column width=&#8221;1\/2&#8243; css=&#8221;.vc_custom_1567065174693{margin-bottom: 50px !important;padding-right: 30px !important;padding-left: 30px !important;}&#8221; offset=&#8221;vc_hidden-lg&#8221;][vc_row_inner][vc_column_inner offset=&#8221;vc_hidden-md vc_hidden-sm vc_hidden-xs&#8221;][vc_empty_space height=&#8221;30px&#8221;][\/vc_column_inner][\/vc_row_inner][vc_row_inner][vc_column_inner][vc_empty_space height=&#8221;50px&#8221; el_class=&#8221;heading-bg-primary&#8221;][\/vc_column_inner][\/vc_row_inner][vc_custom_heading text=&#8221;Mi nombre es&#8221; font_container=&#8221;tag:h2|font_size:50px|text_align:left|color:%23222222|line_height:60px&#8221; google_fonts=&#8221;font_family:Playfair%20Display%3Aregular%2Citalic%2C700%2C700italic%2C900%2C900italic|font_style:400%20italic%3A400%3Aitalic&#8221; el_class=&#8221;z-index&#8221;][vc_custom_heading text=&#8221;Vivien&#8221; font_container=&#8221;tag:h2|font_size:70px|text_align:left|color:%23222222|line_height:70px&#8221; google_fonts=&#8221;font_family:Playfair%20Display%3Aregular%2Citalic%2C700%2C700italic%2C900%2C900italic|font_style:700%20bold%20regular%3A700%3Anormal&#8221; css=&#8221;.vc_custom_1626736166321{margin-top: -30px !important;margin-bottom: 20px !important;}&#8221;][vc_column_text]Soy maestra de pesta\u00f1as, t\u00e9cnica de u\u00f1as y de belleza con muchos a\u00f1os de experiencia, \u00a1trabajar en esta industria es mi pasi\u00f3n! Me convert\u00ed en esteticista autorizada en 2010 y desde entonces me he esforzado por ser la mejor en lo que hago. \u00a1Quiero ayudar a todas mis clientas a sentirse m\u00e1s bellas! Primero me centr\u00e9 en el cuidado de la piel, pero pronto aprend\u00ed sobre el nuevo y apasionante mundo de las extensiones de pesta\u00f1as. En Lash Academy entendemos que cuando te ves bien, te sientes bien. Apreciamos que cada persona es \u00fanica y valorada, y nuestros servicios se adaptan a tus necesidades, ya sea a trav\u00e9s de extensiones de pesta\u00f1as, u\u00f1as, cuidado de la piel, corporales y formaciones de pesta\u00f1as.[\/vc_column_text][\/vc_column][\/vc_row][vc_row][vc_column offset=&#8221;vc_hidden-sm vc_hidden-xs&#8221;][vc_empty_space height=&#8221;50px&#8221;][\/vc_column][\/vc_row]<\/p>\n<\/div>","protected":false},"excerpt":{"rendered":"<p>[vc_row][vc_column offset=&#8221;vc_hidden-md vc_hidden-sm vc_hidden-xs&#8221;][vc_empty_space height=&#8221;30px&#8221;][\/vc_column][\/vc_row][vc_row][vc_column offset=&#8221;vc_hidden-sm vc_hidden-xs&#8221;][vc_empty_space height=&#8221;20px&#8221;][\/vc_column][\/vc_row][vc_row el_class=&#8221;vertical-ipad&#8221; css=&#8221;.vc_custom_1567064844930{margin-right: -30px !important;margin-left: -30px !important;}&#8221;][vc_column width=&#8221;1\/2&#8243; css=&#8221;.vc_custom_1567065195190{margin-bottom: 50px !important;padding-right: 30px !important;padding-left: 30px !important;}&#8221; offset=&#8221;vc_hidden-md vc_hidden-sm vc_hidden-xs&#8221;][vc_single_image image=&#8221;15420&#8243; img_size=&#8221;full&#8221; alignment=&#8221;center&#8221;][\/vc_column][vc_column width=&#8221;1\/2&#8243; css=&#8221;.vc_custom_1567065535509{margin-bottom: 50px !important;padding-right: 30px !important;padding-left: 30px !important;}&#8221; offset=&#8221;vc_hidden-md vc_hidden-sm vc_hidden-xs&#8221;][vc_row_inner][vc_column_inner offset=&#8221;vc_hidden-md vc_hidden-sm vc_hidden-xs&#8221;][vc_empty_space height=&#8221;30px&#8221;][\/vc_column_inner][\/vc_row_inner][vc_row_inner][vc_column_inner][vc_empty_space height=&#8221;70px&#8221; el_class=&#8221;heading-bg-primary&#8221;][\/vc_column_inner][\/vc_row_inner][vc_custom_heading text=&#8221;Mi nombre es&#8221; font_container=&#8221;tag:h2|font_size:60px|text_align:left|color:%23222222|line_height:90px&#8221; google_fonts=&#8221;font_family:Playfair%20Display%3Aregular%2Citalic%2C700%2C700italic%2C900%2C900italic|font_style:400%20italic%3A400%3Aitalic&#8221; el_class=&#8221;z-index&#8221;][vc_custom_heading text=&#8221;Vivien&#8221; font_container=&#8221;tag:h2|font_size:100px|text_align:left|color:%23222222|line_height:100px&#8221; google_fonts=&#8221;font_family:Playfair%20Display%3Aregular%2Citalic%2C700%2C700italic%2C900%2C900italic|font_style:700%20bold%20regular%3A700%3Anormal&#8221; css=&#8221;.vc_custom_1626730155917{margin-top: [&hellip;]<\/p>\n","protected":false},"author":1,"featured_media":0,"parent":0,"menu_order":2,"comment_status":"closed","ping_status":"closed","template":"","meta":{"footnotes":""},"class_list":["post-15448","page","type-page","status-publish","hentry"],"_links":{"self":[{"href":"https:\/\/lashacademymarbella.com\/es\/wp-json\/wp\/v2\/pages\/15448","targetHints":{"allow":["GET"]}}],"collection":[{"href":"https:\/\/lashacademymarbella.com\/es\/wp-json\/wp\/v2\/pages"}],"about":[{"href":"https:\/\/lashacademymarbella.com\/es\/wp-json\/wp\/v2\/types\/page"}],"author":[{"embeddable":true,"href":"https:\/\/lashacademymarbella.com\/es\/wp-json\/wp\/v2\/users\/1"}],"replies":[{"embeddable":true,"href":"https:\/\/lashacademymarbella.com\/es\/wp-json\/wp\/v2\/comments?post=15448"}],"version-history":[{"count":6,"href":"https:\/\/lashacademymarbella.com\/es\/wp-json\/wp\/v2\/pages\/15448\/revisions"}],"predecessor-version":[{"id":15494,"href":"https:\/\/lashacademymarbella.com\/es\/wp-json\/wp\/v2\/pages\/15448\/revisions\/15494"}],"wp:attachment":[{"href":"https:\/\/lashacademymarbella.com\/es\/wp-json\/wp\/v2\/media?parent=15448"}],"curies":[{"name":"wp","href":"https:\/\/api.w.org\/{rel}","templated":true}]}}

<div class="wpb-content-wrapper"><p>[vc_row][vc_column offset=&#8221;vc_hidden-md vc_hidden-sm vc_hidden-xs&#8221;][vc_empty_space height=&#8221;30px&#8221;][/vc_column][/vc_row][vc_row][vc_column offset=&#8221;vc_hidden-sm vc_hidden-xs&#8221;][vc_empty_space height=&#8221;20px&#8221;][/vc_column][/vc_row][vc_row el_class=&#8221;vertical-ipad&#8221; css=&#8221;.vc_custom_1567064844930{margin-right: -30px !important;margin-left: -30px !important;}&#8221;][vc_column width=&#8221;1/2&#8243; css=&#8221;.vc_custom_1567065195190{margin-bottom: 50px !important;padding-right: 30px !important;padding-left: 30px !important;}&#8221; offset=&#8221;vc_hidden-md vc_hidden-sm vc_hidden-xs&#8221;][vc_single_image image=&#8221;15420&#8243; img_size=&#8221;full&#8221; alignment=&#8221;center&#8221;][/vc_column][vc_column width=&#8221;1/2&#8243; css=&#8221;.vc_custom_1567065535509{margin-bottom: 50px !important;padding-right: 30px !important;padding-left: 30px !important;}&#8221; offset=&#8221;vc_hidden-md vc_hidden-sm vc_hidden-xs&#8221;][vc_row_inner][vc_column_inner offset=&#8221;vc_hidden-md vc_hidden-sm vc_hidden-xs&#8221;][vc_empty_space height=&#8221;30px&#8221;][/vc_column_inner][/vc_row_inner][vc_row_inner][vc_column_inner][vc_empty_space height=&#8221;70px&#8221; el_class=&#8221;heading-bg-primary&#8221;][/vc_column_inner][/vc_row_inner][vc_custom_heading text=&#8221;Mi nombre es&#8221; font_container=&#8221;tag:h2|font_size:60px|text_align:left|color:%23222222|line_height:90px&#8221; google_fonts=&#8221;font_family:Playfair%20Display%3Aregular%2Citalic%2C700%2C700italic%2C900%2C900italic|font_style:400%20italic%3A400%3Aitalic&#8221; el_class=&#8221;z-index&#8221;][vc_custom_heading text=&#8221;Vivien&#8221; font_container=&#8221;tag:h2|font_size:100px|text_align:left|color:%23222222|line_height:100px&#8221; google_fonts=&#8221;font_family:Playfair%20Display%3Aregular%2Citalic%2C700%2C700italic%2C900%2C900italic|font_style:700%20bold%20regular%3A700%3Anormal&#8221; css=&#8221;.vc_custom_1626730155917{margin-top: -40px !important;margin-bottom: 30px !important;}&#8221;][vc_custom_heading text=&#8221;Directora&#8221; font_container=&#8221;tag:h4|text_align:left|color:%23222222&#8243; google_fonts=&#8221;font_family:Playfair%20Display%3Aregular%2Citalic%2C700%2C700italic%2C900%2C900italic|font_style:700%20bold%20regular%3A700%3Anormal&#8221; css=&#8221;.vc_custom_1707758109502{margin-top: -20px !important;margin-bottom: 30px !important;}&#8221;][vc_column_text]Soy maestra de pestañas, técnica de uñas y de belleza con muchos años de experiencia, ¡trabajar en esta industria es mi pasión! Me convertí en esteticista autorizada en 2010 y desde entonces me he esforzado por ser la mejor en lo que hago. ¡Quiero ayudar a todas mis clientas a sentirse más bellas! Primero me centré en el cuidado de la piel, pero pronto aprendí sobre el nuevo y apasionante mundo de las extensiones de pestañas. En Lash Academy entendemos que cuando te ves bien, te sientes bien. Apreciamos que cada persona es única y valorada, y nuestros servicios se adaptan a tus necesidades, ya sea a través de extensiones de pestañas, uñas, cuidado de la piel, corporales y formaciones de pestañas.[/vc_column_text][/vc_column][/vc_row][vc_row el_class=&#8221;vertical-ipad&#8221; css=&#8221;.vc_custom_1567064844930{margin-right: -30px !important;margin-left: -30px !important;}&#8221;][vc_column width=&#8221;1/2&#8243; css=&#8221;.vc_custom_1567065179414{margin-bottom: 50px !important;padding-right: 30px !important;padding-left: 30px !important;}&#8221; offset=&#8221;vc_hidden-lg&#8221;][vc_single_image image=&#8221;15420&#8243; img_size=&#8221;full&#8221; alignment=&#8221;center&#8221;][/vc_column][vc_column width=&#8221;1/2&#8243; css=&#8221;.vc_custom_1567065174693{margin-bottom: 50px !important;padding-right: 30px !important;padding-left: 30px !important;}&#8221; offset=&#8221;vc_hidden-lg&#8221;][vc_row_inner][vc_column_inner offset=&#8221;vc_hidden-md vc_hidden-sm vc_hidden-xs&#8221;][vc_empty_space height=&#8221;30px&#8221;][/vc_column_inner][/vc_row_inner][vc_row_inner][vc_column_inner][vc_empty_space height=&#8221;50px&#8221; el_class=&#8221;heading-bg-primary&#8221;][/vc_column_inner][/vc_row_inner][vc_custom_heading text=&#8221;Mi nombre es&#8221; font_container=&#8221;tag:h2|font_size:50px|text_align:left|color:%23222222|line_height:60px&#8221; google_fonts=&#8221;font_family:Playfair%20Display%3Aregular%2Citalic%2C700%2C700italic%2C900%2C900italic|font_style:400%20italic%3A400%3Aitalic&#8221; el_class=&#8221;z-index&#8221;][vc_custom_heading text=&#8221;Vivien&#8221; font_container=&#8221;tag:h2|font_size:70px|text_align:left|color:%23222222|line_height:70px&#8221; google_fonts=&#8221;font_family:Playfair%20Display%3Aregular%2Citalic%2C700%2C700italic%2C900%2C900italic|font_style:700%20bold%20regular%3A700%3Anormal&#8221; css=&#8221;.vc_custom_1626736166321{margin-top: -30px !important;margin-bottom: 20px !important;}&#8221;][vc_column_text]Soy maestra de pestañas, técnica de uñas y de belleza con muchos años de experiencia, ¡trabajar en esta industria es mi pasión! Me convertí en esteticista autorizada en 2010 y desde entonces me he esforzado por ser la mejor en lo que hago. ¡Quiero ayudar a todas mis clientas a sentirse más bellas! Primero me centré en el cuidado de la piel, pero pronto aprendí sobre el nuevo y apasionante mundo de las extensiones de pestañas. En Lash Academy entendemos que cuando te ves bien, te sientes bien. Apreciamos que cada persona es única y valorada, y nuestros servicios se adaptan a tus necesidades, ya sea a través de extensiones de pestañas, uñas, cuidado de la piel, corporales y formaciones de pestañas.[/vc_column_text][/vc_column][/vc_row][vc_row][vc_column offset=&#8221;vc_hidden-sm vc_hidden-xs&#8221;][vc_empty_space height=&#8221;50px&#8221;][/vc_column][/vc_row]</p>
</div>
